 value of 2 + -10 - (2 - 5)?
-5
(-1 - 4) + (2 + -4 - -7)
0
What is the value of 9 + -3 + (-7 - (3 - 8))?
4
9 + (-2 - 1) + -2 + 0
4
(-1 - 3) + (17 - (-10 + 29))
-6
Calculate -9 + 12 + (0 - -2) - 6.
-1
What is (-1 - ((-7 - -5) + 12)) + 3?
-8
Evaluate (11 - -2) + (0 - 3).
10
-7 + -1 + (-7 - -9) + 4
-2
What is the value of -4 + 5 + 0 + -6?
-5
Calculate 13 - (-3 + 1 + 8).
7
-5 + 1 - (-6 + (9 - 7))
0
(-2 + -2 - 11) + 1 - -7
-7
What is 1 - (1 - 6 - (-32 + 20))?
-6
Evaluate 5 + -7 + 0 + 5.
3
What is -1 - (1 - (3 - (-2 + 4)))?
-1
What is the value of 0 - (-1 + (-6 - (-3 - 1)))?
3
Calculate 4 + (-3 + 5 - 2).
4
What is -3 - -5 - (2 - 1)?
1
-8 + 2 + (-1 - -1)
-6
What is the value of (5 - (1 + -1)) + -3 + 3?
5
What is 11 - (-8 + -6 + -8 + 24)?
9
202 + -200 - ((-5 - -1) + 0)
6
What is -1 + (14 + -9 - -2)?
6
25 + -31 + (3 - 0)
-3
-2 + 0 - (-3 - (7 - 4))
4
(4 - (0 - -1)) + 38 + -42
-1
Calculate 0 + 2 - (-15 + 20).
-3
What is the value of 6 - (10 - (-5 + 5))?
-4
-4 + 4 - -4 - 3
1
What is 4 + -9 - -7 - (1 + -1)?
2
Calculate -4 + 0 - (9 - (11 - -1)).
-1
What is the value of 4 - ((2 - 4) + 2)?
4
What is 2 + -2 - (-4 - -7)?
-3
Evaluate -3 - (6 - (0 - -3)).
-6
What is the value of -6 - 1 - -1 - 1?
-7
Calculate 0 - (7 + -5 + -1) - 4.
-5
Calculate -5 - (1 - 2 - (12 - 3)).
5
3 - (-7 - (4 - 11) - -4)
-1
What is the value of 1 + -5 + 5 + (-1 - -4)?
4
What is the value of -7 - (-2 + 0 + 1 + -2)?
-4
Calculate (4 - 1) + 7 + -3.
7
2 + -3 - 8 - (-4 + 0)
-5
Calculate (4 - (-2 - -4)) + 3 + -1.
4
(-2 - (1 + 0)) + 0
-3
Calculate 4 - 0 - 1 - (-15 - -18).
0
What is 3 + (2 - (5 - (-3 + 8)))?
5
Evaluate 6 - (0 + 1 - (13 + -19)).
-1
Calculate -7 - (0 + -4 + -12 + 14).
-5
What is -6 - (1 - (6 + 1 + 6))?
6
What is (-13 - -7) + 10 + -2 + -6?
-4
What is 1 - (-3 + 2) - (-4 - -5)?
1
Evaluate -6 + (-2 - -9 - -1).
2
What is the value of 4 - (2 + (-7 - -11))?
-2
(2 - (0 - -3) - 2) + 4
1
What is the value of -1 - -4 - 10 - -3?
-4
3 - (2 - 2 - 0)
3
What is 4 + 0 + (1 - 2) + -4?
-1
Calculate 1 + -3 + 2 - 0 - 4.
-4
Calculate 0 - ((5 - 2) + -13 + 12).
-2
Calculate 12 - 8 - (-3 - -8).
-1
Calculate -2 + (-2 - (3 - 1) - -9).
3
What is the value of 5 + (2 - (7 + -3))?
3
What is -17 - -28 - 10 - (4 + 0)?
-3
What is the value of -2 + 1 + 7 + (3 - 4)?
5
-1 + 4 + 2 + -3 - -1
3
Evaluate 2 - 2 - -2 - (-89 + 89).
2
Calculate 5 + -3 + (1 - 1).
2
What is the value of (73 - 71) + (-2 + -1 - 0)?
-1
What is the value of 6 + -1 + -3 + 0?
2
What is the value of -5 + 1 + 9 - 0?
5
What is the value of -1 + (-10 + -3 - -6) + 1?
-7
Evaluate 7 - (-4 + 14 + -2) - 9.
-10
Evaluate 36 + -24 - (9 + 0).
3
What is (-3 - (1 - -2 - 3)) + 4?
1
Evaluate -2 - (-1 + -2 + (6 - 10)).
5
17 - 20 - (0 + 3)
-6
What is the value of -6 + 17 + -7 - -1?
5
What is (-46 - -45) + 3 + -6?
-4
Evaluate -5 + (-12 - -32) + -13.
2
What is the value of -7 + (-2 - -1) - -5?
-3
What is the value of -1 - 0 - 4 - (-26 + 23)?
-2
What is 4 - (7 + 1 + -2 + 0)?
-2
What is the value of 4 + 3 + -9 + -1?
-3
Evaluate 7 - (7 - (5 + 4)).
9
What is the value of (-13 - -19) + (-1 - (2 - 1))?
4
What is (-5 - (-1 + -2) - 11) + 5?
-8
What is (-2 - 6) + 3 + 0 - -3?
-2
What is the value of -4 - -7 - (2 - -1) - 3?
-3
What is 8 + 0 - (-2 - -14)?
-4
What is the value of -11 + 23 + 15 + -35?
-8
Calculate -3 - (4 - (0 + (12 - 3))).
2
What is the value of -1 - (1 + 0) - 2?
-4
What is the value of -5 - -6 - (8 + -2 - 7)?
2
What is the value of 1 + -2 + 1 + -2 + 6?
4
What is the value of -5 + 1 + (1 - -3)?
0
(4 + -2 - -4) + -5 - 2
-1
-3 - (11 + -5 + (2 - 3))
-8
Evaluate 1 + (-4 - -6 - 1).
2
Evaluate 4 - (-5 + 3 + 4).
2
What is -2 - 2 - (-7 - 1)?
4
-6 + 5 + -1 + 6
4
Calculate -4 + 3 - 7 - -4.
-4
(-16 - (-6 - -4)) + 16
2
-1 - (10 + -8 + -1 + -1)
-1
What is 8 + -7 - -13 - 18?
-4
What is -6 + -3 + (9 - 3)?
-3
What is 3 - 4 - (-2 - -1)?
0
What is the value of -4 - (-1 + -3) - (0 + -3)?
3
27 - 21 - (-2 - -2)
6
-7 + (-7 - 7) + 11
-10
Evaluate (3 - 8 - (-8 + 2)) + 4.
5
Calculate 0 - 9 - -19 - 16.
-6
-11 + -13 + 35 + (0 - 3)
8
What is the value of -8 - -5 - -6 - -2?
5
Evaluate -18 + 7 + -5 + 9.
-7
Evaluate -4 - (0 + (-7 - -3)).
0
Calculate 5 - (9 + 0 + -3 + 6).
-7
Calculate 8 + 10 + (-11 - -1).
8
0 + (1 - -1) + 0 + -4
-2
What is the value of 0 + -3 - (-12 - -6)?
3
Calculate 11 + 9 + -2 + -11 + -4.
3
Calculate 14 - (0 + -1 + 15).
0
Calculate -10 - (7 + -3 - (-7 - -12)).
-9
What is 11 - (-3 - ((-2 - 8) + 7))?
11
Calculate -2 - (3 + -5 + -1 - 0).
1
-9 + 14 + -5 - (1 + 4)
-5
What is 11 + 0 - (106 - 96)?
1
Calculate 5 + 4 + -12 - -6.
3
1 + 0 - ((-1 - -9) + -5)
-2
What is (15 - 17) + (0 - -4)?
2
2 - (-3 - 0 - (2 - 2))
5
What is 0 + 1 + -1 + 0 + 3?
3
Evaluate -4 - (-5 + (6 + 0 - 0)).
-5
What is -1 + (-2 - 4) - (1 - 6)?
-2
Evaluate 22 + (-12 - 19) + 19 + -1.
9
What is (-17 + 19 - (0 + 4)) + 5?
3
What is (-3 - 1) + 1 - -9?
6
(2 - 4 - -6) + -9
-5
Evaluate 0 + 1 - (-6 + 2).
5
Calculate 6 + -8 - -1 - -1 - 3.
-3
Evaluate 5 + (-1 - -3 - 3).
4
What is -2 + -5 + (6 - 0)?
-1
Evaluate 9 + (-4 - -5) + -9.
1
Evaluate -6 - 1 - (-90 + 81).
2
Evaluate -4 + 1 + -2 + -1 - -4.
-2
Evaluate (7 - (9 - -12) - -9) + -2.
-7
(2 - -3) + 2 + -2
5
What is the value of -3 + 1 + 3 - (2 - 8)?
7
What is -1 + (-2 - -2) - (4 - 1)?
-4
Calculate 4 + -7 + (7 - 3).
1
6 + (4 - 6) - 2
2
-1 - (-3 - (-11 - -4))
-5
Evaluate -1 + -4 + 100 + -92.
3
(-2 - 1 - -6 - 5) + -1
-3
What is 4 + -11 + 5 + 1?
-1
-17 - -15 - (-3 + 9)
-8
Evaluate 3 + (9 + -6 - 12).
-6
Calculate -12 - -4 - (-18 - -18).
-8
What is the value of -8 + 0 + -1 - (91 - 95)?
-5
7 + -4 - (2 - -2)
-1
2 + 6 - (9 + 2 - 9)
6
4 + -3 + 0 - (2 - -2)
-3
What is (5 - 0 - 4) + 4?
5
What is 2 - (-2 + (3 + -10 - -6))?
5
0 + -1 + -2 + -1
-4
What is the value of (4 - -8 - 14) + 5?
3
Calculate (26 - 7) + 3 + -13.
9
What is -5 + 2 + 3 + -2 + 1?
-1
What is 2 + 4 + -13 + 3?
-4
What is (10 - 1) + (-7 - -2)?
4
Evaluate -6 + (12 - 1) - 11.
-6
Calculate -3 - (-5 + -2 - (5 + -13)).
-4
What is the value of (-3 - (-1 + 4)) + 7?
1
Calculate -7 - (9 + (-3 - 14)).
1
What is the value of (-4 - -4) + 3 + -9?
-6
(-3 - 2) + 5 + -8
-8
Evaluate 1 - 6 - -11 - 10.
-4
What is -9 + 14 - (2 - (-2 + 2))?
3
-1 - (-4 + -3 + 9)
-3
Evaluate (3 - 0) + -6 + -2.
-5
What is 3 + -2 + 6 - 12?
-5
Evaluate 1 + (-12 - -8) + (-1 - -3).
-1
What is the value of -20 - -9 - (-5 - -2)?
-8
What is 0 + 3 + (-4 - (1 + -1))?
-1
Calculate -20 - (-25 + 2) - (-1 + 0).
4
Calculate 3 + (2 + 5 - 8).
2
What is 6 + (-1 - 2) + -3 - 3?
-3
0 - (3 + 1 - 0 - 6)
2
-7 + (0 - 3 - (14 - 22))
-2
Calculate (1 + -4 - 0 - -7) + 1.
5
What is 4 + -5 + -8 + 5?
-4
Calculate (0 - -1) + -4 + 7 + -12.
-8
Evaluate 7 + (1 - (7 - (-1 - -3))).
3
Evaluate 5 + 0 + (4 - 5).
4
Evaluate 2 + 4 + -8 + -3 + 3.
-2
What is the value of (1 - 5) + (0 - 6) + 6?
-4
What is -2 + -2 - (1 - 1)?
-4
-3 + (-2 - -3 - 1) + 3
0
What is the value of (-4 - (4 - (12 + -4))) + 2?
2
Calculate 4 + -2 - (-41 - -41).
2
What is the value of -2 - (9 + -24) - 7?
6
1 + -8 + (70 - 62)
1
Calculate 2 - ((-4 - 0 - -2) + 2).
2
What is -2 - (10 + -13 + (0 - -2))?
-1
-4 + (-6 - -5) + (-3 - -8)
0
Calculate -5 - ((-21 - (6 - 12)) + 6).
4
Evaluate (0 - 2 - (-4 + 10)) + 1.
-7
Evaluate -6 - ((5 - 8) + 0).
-3
What is the value of (20 + -10 - 9) + 10 + -2?
9
What is the value of 3 + (-17 - -7) + 7?
0
What is the value of (11 - (-4 - -12)) + (0 - 5)?
-2
What is the value of -7 - ((-5 + 3 - -2) + -4)?
-3
What is 5 - (3 + -2 - -3 - 0)?
1
What is the value of (-4 - -1) + (4 - 1)?
0
What is the value of (1 - -1) + 1 + -1?
2
Evaluate (10 - (-1 - -9)) + 0 + 3.
5
What is -1 + (11 - 17) + (1 - -3)?
-3
Calculate -11 + -6 - (-16 + 8).
-9
What is -7 - ((3 - 1) + -4)?
-5
1 + 6 - 13 - -11
5
Calculate -5 + 1 + -3 + 3 - -2.
-2
17 + -18 - (-4 - -2)
1
Calculate (-10 - -8 - -1) + -3.
-4
What is -26 + 15 - (-2 - 7)?
-2
3 - 2 - (-8 - -12)
-3
What is the value of (9 - (10 + -11)) + -10?
0
-1 + -4 + 7 - 4
-2
Calculate -4 + -1 - (6 - (2 - -7)).
-2
Calculate (0 - 0) + (2 - 4).
-2
Evaluate -1 + -6 + 5 - (0 - 1).
-1
What is 1 + 9 + -7 - 1?
2
What is the value of (1 + 3 - -2 - 0) + -2?
4
Calculate 2 + (0 - (0 - 0)) + -2.
0
Calculate 8 - (8 - 3) - -1 - 8.
-4
Calculate 2 + -3 + -2 + 6.
3
Evaluate (-7 + 12 - 3) + 0 + -1.
1
(-4 + -6 - -2) + 1 + 2
-5
Evaluate 0 - 1 - (-1 - 0).
0
-1 + 2 - 6 - (-2 - -1)
-4
What is the value of -5 - (5 + (-1 - 2 - 4))?